the greatest common factor of m and 65?
13
Suppose 0 = 2*h - 2*b - 3*b - 129, 4*h - 3*b = 293. What is the highest common factor of 14 and h?
7
Let o = 93 - 102. Let w be (o/2)/(2 - (-5)/(-2)). Suppose s = -4*s + 5. Calculate the greatest common divisor of s and w.
1
Suppose -20*q + 19*q = -8. What is the greatest common factor of 20 and q?
4
Suppose 8*j - 48 = 4*j. Suppose -4*p - 16 = 0, 0 = 2*x - 5*p - 16 - j. Calculate the greatest common factor of 4 and x.
4
Let d = -43 - -53. Suppose 5*x + 60 = d*x. Calculate the greatest common divisor of 132 and x.
12
Suppose 5*z - 2*h = 33 + 27, -4*z + 50 = -2*h. Let a(p) = -p**2 - 9*p - 12. Let t be a(-7). Suppose 13 + t = v. What is the greatest common factor of z and v?
5
Let b(v) = v - 16. Let t be b(11). Let c be 1 - (t - -5)*(1 + 0). Calculate the greatest common factor of c and 3.
1
Let v(k) = 3*k**2 + 3*k + 36. Let f be v(-6). What is the greatest common factor of 28 and f?
14
Suppose -11 = -2*t - 5. Suppose -m + 28 = 3*u, u - m = -t*m + 6. What is the greatest common divisor of u and 25?
5
Let y(t) = -t**2 + 16*t + 41. Let w be y(18). Suppose 3*g - 5*s + 0*s - 151 = 0, 5*s = -w*g + 185. What is the greatest common divisor of 14 and g?
14
Let c = 180 + -91. Let a(s) = -58*s**2 + 4*s + 3. Let m be a(-1). Let t = m + c. Calculate the highest common factor of t and 45.
15
Let i = -3 - -6. Let y be (-186)/(-18) + (-1)/i. Calculate the greatest common factor of 40 and y.
10
Let l = -389 + 408. Calculate the greatest common factor of l and 1843.
19
Let h = 19 + -18. Suppose 277*u + 5 = 278*u. What is the greatest common divisor of u and h?
1
Let y = -36 - -41. Let h(a) = -a**3 + 10. Let u be h(0). Calculate the greatest common factor of u and y.
5
Let j be (-698)/(-5) - 2/(-5). Let d be 27/6*530/(-15). Let h = 173 + d. What is the greatest common factor of h and j?
14
Let g = 144 - 144. Suppose -3*p + 22 + 14 = g. Calculate the highest common divisor of p and 60.
12
Let x(n) = -n**2 - n + 120. Let f be x(0). Suppose -23*i = -4190 + 3845. What is the highest common factor of f and i?
15
Let m = 254 + -130. Let c = -5108 - -5139. What is the highest common divisor of c and m?
31
Let x be (40 + -41)/(1025/(-1024) + 1). Calculate the greatest common factor of 16 and x.
16
Let w(x) = -x**2 + 23*x + 40. Let r be w(15). What is the greatest common divisor of r and 15?
5
Suppose 5*x - n = -59, 0 = -4*x - n + 2*n - 48. Let s = -8 - x. Let k = 28 - 19. What is the highest common factor of k and s?
3
Let v(s) = -s**2 - 29*s - 8. Let f be v(-19). Calculate the greatest common factor of 26 and f.
26
Suppose -j + 2 = -31. Let q = 44 - j. What is the greatest common divisor of 121 and q?
11
Let u be 3/1 - (10 - 589/31). Let a(g) = -2*g**3 - 2*g**2 - 2. Let y be a(-2). Calculate the highest common factor of u and y.
6
Let b be (12/10)/((-30)/(-1875)). Let k = 121 - 106. What is the greatest common divisor of b and k?
15
Let d(l) = 15*l + 1. Let g be d(1). Suppose 0 = -0*y + 3*y - 33. Suppose -3 + y = 4*a. What is the highest common divisor of a and g?
2
Suppose 10*l - 797 = -217. Calculate the greatest common factor of 4 and l.
2
Suppose -u = 5*c - 37, -c + 5*u + 31 = c. Suppose c*v - 63 = 153. Calculate the highest common factor of v and 27.
27
Let t be -3 - -6 - 1 - 162. Let o be ((-6)/(-4))/((-15)/t). Suppose -3*a + o = -f + 121, -3*f = 5*a - 245. Calculate the greatest common divisor of 10 and f.
10
Let p(b) = b**2 - 19*b - 9. Let r be p(25). Let t = r + -101. What is the greatest common factor of t and 60?
20
Suppose -4*y - 2*g = 30, 6*g - 2*g - 12 = y. Let f = 23 + y. Calculate the highest common divisor of f and 10.
5
Suppose 0 = -3*q - 3*m + 39 - 9, q + 4*m = 4. Suppose 5 = -4*p + 21. Let x be 1/4 - (-95)/p. Calculate the greatest common factor of x and q.
12
Suppose 0 = -4*b + 2*b + 16. Let a = -601 - -1177. Suppose -4*s - a = -b*s. Calculate the greatest common divisor of 18 and s.
18
Let p = -2009 + 2451. What is the greatest common divisor of 272 and p?
34
Suppose -5*f = 4*v + 611, 4*f = 4*v - 281 - 215. Let a(n) = -112*n + 2. Let z be a(2). Let w = f - z. Calculate the highest common divisor of w and 9.
9
Let c = 1 + 75. Suppose 3*y = -y - 4, -3*b + c = -4*y. Calculate the greatest common factor of b and 6.
6
Let m be ((-170)/(-25) - 6)/((-2)/115). Let g = -36 - m. Calculate the highest common divisor of g and 40.
10
Let z be (-215450)/(-4495) - (-2)/29. Calculate the highest common factor of z and 384.
48
Let i = -1052 + 1808. Calculate the greatest common divisor of 36 and i.
36
Suppose -5*l - 1 = 59. Let a = -10 + l. Let f be (-14)/(-77) - 150/a. What is the highest common factor of 1 and f?
1
Suppose 5*j - 159 = 2*f + 334, 3*j - f - 296 = 0. What is the highest common divisor of j and 3?
3
Let d(q) = -q**2 + 4*q + 4. Let j be d(4). Let s be 44 - 1/6*0. Calculate the greatest common divisor of j and s.
4
Suppose 4*q = 5*g - 165, -66 = -2*g + q - 3*q. Calculate the greatest common divisor of g and 264.
33
Let j = 62 - 55. What is the highest common factor of j and 14?
7
Let y = 241 + -217. What is the highest common factor of 600 and y?
24
Let z = -447 - -855. Calculate the greatest common factor of z and 72.
24
Let d(n) = 140*n + 767. Let o be d(0). Calculate the highest common divisor of o and 13.
13
Suppose -4*l - l - 4*g = -19, -3*l - 5*g = -14. Suppose -5*c = -7*x + 2*x + 1110, l*c = 6. What is the greatest common factor of 32 and x?
32
Let a(z) be the third derivative of z**5/60 - 5*z**4/6 - 2*z**3/3 - 19*z**2. Let x be a(22). What is the highest common factor of x and 16?
8
Let t be (-6560)/(-22) - (-24)/(-132). Let n = 452 - t. Calculate the highest common factor of 14 and n.
14
Let u(y) = -3*y**2 - 14*y - 15. Let p be u(-7). Let r be 1/4 - 560/p. Calculate the greatest common factor of 144 and r.
9
Suppose -5*f + 3*q + 361 = -533, 0 = -4*q + 8. Let b be 8/6*45/5. Suppose -4*m - 46 = -3*p, -p + 4*m = m - b. What is the greatest common divisor of f and p?
18
Suppose 0 = -6*l + 7*l - 506. What is the highest common factor of 46 and l?
46
Suppose -m = -4 - 10. Let z = 23 + -22. Suppose 3*s = z + m. What is the greatest common factor of 1 and s?
1
Let r be 15/(1 - (-16)/(-28)). What is the greatest common factor of r and 7?
7
Let g = -59 - -67. Let d = 12 + -4. What is the highest common factor of d and g?
8
Let m(d) = 73*d - 94. Let y be m(6). What is the greatest common divisor of 602 and y?
86
Let v be 150/(-30) - 1*(3 + -14). Calculate the highest common divisor of 1038 and v.
6
Suppose -12*b = -4773 + 453. What is the highest common divisor of b and 45?
45
Suppose 3*y - 351 = -m, -y + 0 = 2. Let b = m - 253. Suppose -j - j = -b. What is the highest common divisor of 13 and j?
13
Let t be 34 - (3 + -6 - -2). Calculate the highest common factor of t and 7.
7
Suppose -87 = -4*n + 4*v + 73, 4*v + 16 = 0. What is the highest common factor of n and 156?
12
Let j(t) = 10*t**3 - t. Let p be j(-1). Let m be (6/p)/((-6)/261). Suppose 4*w - 7 - m = -b, 3*w - 4*b = 27. What is the highest common divisor of w and 99?
9
Let z(a) be the first derivative of a**3/3 + a**2 - 11*a - 7. Let k be z(6). Calculate the greatest common divisor of 407 and k.
37
Suppose 5*u - 20 = -5*o, 5*u + 22*o - 20*o - 23 = 0. Calculate the greatest common factor of 15 and u.
5
Suppose -13*z - 169 = -2171. Calculate the greatest common divisor of z and 231.
77
Let q be 2 - 1/1 - -11. Suppose 0 = -4*j - 4, -2*j - 114 + 22 = -3*k. Suppose -3*d = -210 + k. Calculate the highest common divisor of q and d.
12
Let q = -67 + 103. Let z = q - -16. Calculate the highest common factor of z and 13.
13
Let q = -3 - -8. Let v be -1 + (-18)/((-15)/q). What is the highest common divisor of v and 20?
5
Suppose g = 5*a - 22 - 3355, -4*a + 2713 = 3*g. Calculate the highest common divisor of 52 and a.
52
Let z(u) = 7*u - 101. Let j be z(15). Calculate the highest common divisor of 1 and j.
1
Let l(s) = 95*s**2 - 17*s - 19. Let g be l(-1). What is the greatest common factor of 9 and g?
3
Let c = 283 + -181. Suppose 22 - c = -4*m. What is the highest common divisor of 80 and m?
20
Let n(r) = -3*r + 36. Let x(w) = 10*w - 109. Let k(b) = 11*n(b) + 4*x(b). Let g be k(7). Calculate the greatest common factor of 1 and g.
1
Let z(c) = 4*c + 193. Let m b